 y. What is the hundreds digit of s?
1
Let a(l) be the second derivative of l**4/12 + l**3/6 + 5*l**2 + l. Suppose -21*j - 33 = -285. What is the hundreds digit of a(j)?
1
Let t = -108057 - -190353. What is the hundreds digit of t?
2
Suppose -4*i - i + 208 = 3*h, -2*i - 5*h + 87 = 0. Let u = i + 171. What is the tens digit of 2/(-2 + u/68 + -1)?
1
Suppose 3*j = 2*s - 19227, -5*s + 14*j + 48061 = 13*j. What is the thousands digit of s?
9
Let p = 1295 - -2443. What is the units digit of p?
8
Suppose 10*h + 10*h - 316729 + 1469 = 0. What is the hundreds digit of h?
7
Suppose -5*d + z + 81263 = 0, 0 = -40*d + 37*d - z + 48761. What is the tens digit of d?
5
Let y(g) = -6172*g - 2490. What is the thousands digit of y(-12)?
1
Let i = 6220 - 4003. What is the tens digit of i?
1
Let w = 176911 - 99802. What is the tens digit of w?
0
Suppose -3*c = 2*t - 2086, 4*t - 319 - 3837 = 2*c. What is the hundreds digit of t?
0
Suppose -21333 = -3*l + 3*t, -l = 27*t - 25*t - 7123. What is the tens digit of l?
1
Let t(q) = 3*q**2 - 13*q + 16. Let y(b) = -b - 12. Let w be y(-19). What is the tens digit of t(w)?
7
Let l(v) = 3*v - 60. Let b be 10/((-7)/(-6) - (-6)/(-9)). Let r be l(b). Suppose r = 6*c - 22*c + 2624. What is the tens digit of c?
6
Let a(k) = 74*k - 34. Let p be ((-556)/(-5) - 5/25) + -3. Let b = 112 - p. What is the tens digit of a(b)?
6
Let o = 62 + -29. Let y = 82 + o. What is the tens digit of y?
1
Let q(v) = -v**3 + 16*v**2 - 11*v - 28. Suppose 22*c = 21*c + 2. Suppose -c*r + 75 = 3*r. What is the tens digit of q(r)?
3
Let f be 2/4 - 165/10. Let c be f/(-40) + 16/10. Suppose h = -3*y + c*y + 3, -h - 25 = -3*y. What is the units digit of y?
7
Let s = 437 + -463. Let v(a) = -39*a - 500. What is the tens digit of v(s)?
1
What is the tens digit of ((-80)/(-64))/(3/29196)?
6
Let v = -40 + 45. Suppose -i + 9 = v*t - 8, 3*t - 129 = -5*i. Suppose -i*n + 32*n - 865 = 0. What is the tens digit of n?
7
Suppose -2*w + 70 = 8*w. Let g be (w - 1)/((-3)/2). What is the units digit of 1/(4/836) + g?
5
Let j(w) = -w**3 - 7*w**2 + 4*w + 16. Let o be j(-10). Let h = -234 + o. What is the units digit of h?
2
Suppose 3*c + 95 = 8. Let f = 25 + c. What is the tens digit of (2/f)/(7/(-238))?
1
Let k be 132/(-18)*-1*177. Suppose 219 = -t + 2*v + k, 12 = -4*v. What is the units digit of t?
3
Let s(n) be the second derivative of 61*n**3/3 - 5*n**2 - n - 4. What is the units digit of s(1)?
2
Let f(g) = 318*g**2 + 159*g + 634. What is the thousands digit of f(-4)?
5
What is the tens digit of 542 - (2 - (-6 - -2))?
3
Let t(g) = 57*g**2 + 279*g - 23. What is the ten thousands digit of t(13)?
1
Let m(a) = -a**2 - 6*a - 1. Let s be m(-5). Suppose 0 = -3*i + j + 29, -i + s*j - 34 = -4*i. What is the hundreds digit of 2296/i - (12/(-5) - -2)?
2
Let y(g) = -g**3 - 4*g**2 + 4*g - 3. Let j be y(-5). Suppose 4*s - 1312 = -4*k, -j*k + 5*k - 330 = -s. What is the units digit of s?
7
Let p(z) = 654*z**3 + 2*z - 3. Suppose 200*g - 199*g = 1. What is the tens digit of p(g)?
5
Suppose -24*u - 2*u + 130 = 0. Suppose -u*z = 3*w - 4039, 3*z - 7*z + 3221 = -w. What is the units digit of z?
6
Let s be (1/(-2))/1*0. What is the units digit of (282/12)/((-3)/(-24) + s)?
8
What is the hundreds digit of (-8 - -1) + 68184/(5 - -3)?
5
Let z(o) = 109*o**3 - 9*o**2 + 11*o - 189. What is the thousands digit of z(7)?
6
Suppose -63*r + 27062 = -29*r - 20*r. What is the thousands digit of r?
1
Let l be 4 + (-5)/(5/2). Let s(j) = -j + 2 + 0 - j**3 - 7*j**2 + l*j**3 + 8*j. What is the tens digit of s(7)?
5
Let r be 6/(16/8 - 0). Suppose 0 = -r*m + 559 + 1421. What is the units digit of m?
0
Let t = 157 - 147. Let i(b) be the first derivative of -b**4/4 + 4*b**3 - 7*b**2 - 7*b + 4. What is the units digit of i(t)?
3
Let u = -19147 + 50255. What is the ten thousands digit of u?
3
Let v be 22652/32 - (-4)/32. Let p = v - 351. What is the hundreds digit of p?
3
Suppose -5*z + 16*z = 88. What is the tens digit of (736 - 0)/z*(-1 + 11)?
2
Let q(j) = j**2 - 23*j + 30. Let d be q(21). Let w be ((-32)/d)/(-2 + 424/210). Suppose -43 = -3*x - o + 41, w = 5*x + 3*o. What is the units digit of x?
8
Suppose 0 = 2*y + 7 - 13. Let w be 2/y*(-51)/4*-6. Let b = 13 + w. What is the tens digit of b?
6
Let k(i) = 20*i**2 + 10*i - 269. What is the tens digit of k(17)?
8
Suppose 4*r = -2*i - 53 - 41, 0 = -4*i - r - 153. Let m be 8/(-28) - (1 + i/7). Suppose 3*d + y - 70 = 0, 3*y + 67 = m*d - 9. What is the units digit of d?
2
Suppose -2*z + d + 11 = 0, 3*z + 4*d - 5 = -16. Suppose 0 = -4*s + 2*l + 884, -s = -0*l - z*l - 211. What is the tens digit of s?
2
Let k(w) = -6*w**3 + w**2 - 26*w - 346. What is the hundreds digit of k(-10)?
0
Let f = 109 + -113. What is the hundreds digit of 320 + 1 - f/(-32)*8?
3
Let y(c) = 4*c**2 - 8*c - 27. Let a be y(10). Suppose 2*r - a = 3*t, 4*r = -21*t + 26*t + 587. What is the hundreds digit of r?
1
Suppose 3*j + 3*t = 4*j - 523, 3*t = -5*j + 2669. Let g = 226 - j. What is the units digit of 2/7 + (g/(-7) - 3)?
1
Suppose 7*y + 2*y - 278635 = 10733. What is the hundreds digit of y?
1
Suppose 927*m + 4 = 929*m. Let d(l) = -93*l - 3. Let t be d(-3). Suppose -w + t = m*w. What is the tens digit of w?
9
Let g(x) = 6*x - 11. Let r be (-86)/(-12) - 4/24. Let n be g(r). Suppose -n = -8*k + 1. What is the units digit of k?
4
Suppose -62*c = -7151 - 8411. Let k = -138 + -41. Let q = k + c. What is the tens digit of q?
7
Let t be 12/4 + -2 + 138 + -1. Suppose -m + 370 - t = 5*u, -3*m = 5*u - 656. What is the hundreds digit of m?
2
Let y(q) = -q**2 - 26*q - 48. Let s be y(-24). Let n(p) = -3*p - 111. Let a(m) = 15*m + 554. Let r(x) = -2*a(x) - 11*n(x). What is the hundreds digit of r(s)?
1
Suppose -3*j = -3*b + 6, 0 = -3*b + b + 4. Suppose -u - 2*v - 9 = -138, j = -2*u - 3*v + 261. Suppose -u = 5*x - 775. What is the tens digit of x?
2
Suppose -5*m = 7*o - 11*o + 6038, -o + m + 1509 = 0. Suppose 0 = 4*t + w - o, 1874 = 8*t - 3*t - 2*w. What is the hundreds digit of t?
3
Suppose 2*x + 3*x + 3*y - 4308 = 0, 4*y = x - 857. Let i = 1830 - x. What is the tens digit of i?
6
Suppose 2*q = 5*b - 15519, 0 = -5*b + q + 671 + 14851. Suppose -c + 629 = -19*x + 22*x, 5*c + 5*x = b. What is the tens digit of c?
1
Suppose 20*u + 5*w + 10573 = 21*u, 2*u - 21130 = 2*w. What is the hundreds digit of u?
5
Let g(b) = 50*b + 173. Let q(i) = -3*i**3 - 64*i**2 - 19*i + 58. Let f be q(-21). What is the tens digit of g(f)?
7
Let p(g) = 23*g**2 - 15*g - 17. Let v(x) = -x + 1. Let a(d) = p(d) - 2*v(d). What is the thousands digit of a(-7)?
1
Let x(q) = -q + 13. Let l = -46 + 55. Let w be x(l). Suppose -104 = -2*r + 5*d + 184, 2*d = -w*r + 552. What is the hundreds digit of r?
1
Let t be (-7)/(42/18) + -1 + 5. What is the units digit of -3*t + 2943/9?
4
Let a = -6290 + 3465. Let v be 1/(-5*5/a). Suppose 5*d = -2*r + v, -61 = -2*r + 2*d + 45. What is the units digit of r?
4
Suppose -4*y + 0*y = v + 16, 3*y = 2*v - 23. Suppose v*x + 262 = 1490. Suppose -t = -m - 70, -t - 3*t + x = 5*m. What is the units digit of t?
3
Let n = -171 - -704. Suppose 0 = -11*c - 424 - n. What is the units digit of c*3/9*-3?
7
Suppose 4*v = -41*l + 43*l - 9924, -4*l = 2*v - 19808. What is the tens digit of l?
5
Let a(i) = 24*i**2 - 71*i - 28. Let f(h) = -6*h**2 + 18*h + 7. Let d(p) = -2*a(p) - 9*f(p). What is the tens digit of d(10)?
9
Let m(c) = 26*c**2 + 31*c + 29. Let w be m(-12). Suppose -31*z + 29459 = -w. What is the hundreds digit of z?
0
Let b = -3649 - -1109. Let s be (-20)/(-28) - 1 - b/(-28). Let y = 174 + s. What is the units digit of y?
3
What is the tens digit of (-50)/(-10) - (-5490 + -3)?
9
Let u be (-10)/(2*(-1 - 0)). Suppose -u*o + 2*f - 82 = -322, o = f + 48. What is the tens digit of o?
4
What is the hundreds digit of (-7847285)/(-1333) + -4 + (-126)/(-31)?
8
Suppose -29480 = -4*q + 2*g + 30262, 0 = 2*q - 6*g - 29856. What is the ten thousands digit of q?
1
Let p = 48 - 46. Let h be 18/1 + (-2 - p). What is the units digit of (5 - 2)*h*2?
4
Let g be (3 - -342) + -2*(-12)/(-8). Suppose 4*q - q = 3*o - g, q + 350 = 3*o. What is the units digit of o?
8
Suppose 106*f - 49*f = 56*f + 26766. What is the units digit of f?
6
Let v = 60 + -56. Suppose 5*z = 3*i + 2127 - 800, -v*i - 1746 = 5*z. Let b = i + 689. What is the units digit of b?
0
Le